{"id":3703,"date":"2024-03-14T02:26:19","date_gmt":"2024-03-14T02:26:19","guid":{"rendered":"https:\/\/mdrhc.gov.tl\/?page_id=3703"},"modified":"2024-03-14T02:26:19","modified_gmt":"2024-03-14T02:26:19","slug":"departamento-do-plano-e-politicas-de-habitacao-comunitaria","status":"publish","type":"page","link":"https:\/\/mdrhc.gov.tl\/en\/departamento-do-plano-e-politicas-de-habitacao-comunitaria\/","title":{"rendered":"DEPARTAMENTO DO PLANO E POL\u00cdTICAS DE HABITA\u00c7\u00c3O COMUNIT\u00c1RIA"},"content":{"rendered":"","protected":false},"excerpt":{"rendered":"","protected":false},"author":1,"featured_media":0,"parent":0,"menu_order":0,"comment_status":"closed","ping_status":"closed","template":"","meta":{"_FSMCFIC_featured_image_caption":"","_FSMCFIC_featured_image_nocaption":"","_FSMCFIC_featured_image_hide":"","footnotes":""},"class_list":["post-3703","page","type-page","status-publish","hentry"],"_links":{"self":[{"href":"https:\/\/mdrhc.gov.tl\/en\/wp-json\/wp\/v2\/pages\/3703","targetHints":{"allow":["GET"]}}],"collection":[{"href":"https:\/\/mdrhc.gov.tl\/en\/wp-json\/wp\/v2\/pages"}],"about":[{"href":"https:\/\/mdrhc.gov.tl\/en\/wp-json\/wp\/v2\/types\/page"}],"author":[{"embeddable":true,"href":"https:\/\/mdrhc.gov.tl\/en\/wp-json\/wp\/v2\/users\/1"}],"replies":[{"embeddable":true,"href":"https:\/\/mdrhc.gov.tl\/en\/wp-json\/wp\/v2\/comments?post=3703"}],"version-history":[{"count":1,"href":"https:\/\/mdrhc.gov.tl\/en\/wp-json\/wp\/v2\/pages\/3703\/revisions"}],"predecessor-version":[{"id":3709,"href":"https:\/\/mdrhc.gov.tl\/en\/wp-json\/wp\/v2\/pages\/3703\/revisions\/3709"}],"wp:attachment":[{"href":"https:\/\/mdrhc.gov.tl\/en\/wp-json\/wp\/v2\/media?parent=3703"}],"curies":[{"name":"wp","href":"https:\/\/api.w.org\/{rel}","templated":true}]}}

DEPARTAMENTO DO PLANO E POLÍTICAS DE HABITAÇÃO COMUNITÁRIA
